 of 122?
True
Does 15 divide 21476284?
False
Does 17 divide 280041?
True
Is 1688841 a multiple of 63?
True
Is 92 a factor of 111928?
False
Does 36 divide 108290?
False
Does 96 divide 456384?
True
Does 21 divide 79149?
True
Is 42 a factor of 166459?
False
Does 322 divide 1033005?
False
Is 623 a factor of 593096?
True
Does 14 divide 185094?
True
Is 11 a factor of 788884?
False
Is 138 a factor of 2599787?
False
Is 4 a factor of 83571?
False
Is 11 a factor of 3756390?
True
Does 12 divide 25742?
False
Is 1940061 a multiple of 11?
False
Is 2931180 a multiple of 12?
True
Is 71 a factor of 289479?
False
Is 22 a factor of 193759?
False
Is 2448244 a multiple of 14?
False
Does 7 divide 4110225?
True
Is 77 a factor of 2567488?
True
Is 12 a factor of 252600?
True
Is 13322368 a multiple of 8?
True
Is 18 a factor of 352692?
True
Is 5 a factor of 458772?
False
Is 9 a factor of 131625?
True
Is 22 a factor of 19845826?
True
Is 70350 a multiple of 21?
True
Does 157 divide 3896203?
False
Is 326 a factor of 804525?
False
Is 6650626 a multiple of 16?
False
Is 122 a factor of 792752?
False
Is 261 a factor of 170029?
False
Is 56 a factor of 119100?
False
Is 58 a factor of 14539?
False
Is 42000 a multiple of 20?
True
Is 3716627 a multiple of 59?
False
Is 63 a factor of 27657?
True
Is 242251 a multiple of 156?
False
Is 491476 a multiple of 161?
False
Is 19447632 a multiple of 116?
True
Is 3413640 a multiple of 10?
True
Does 18 divide 251910?
True
Is 83 a factor of 103999?
True
Does 7 divide 5404980?
True
Does 463 divide 479497?
False
Is 19992 a multiple of 37?
False
Is 1655698 a multiple of 17?
True
Does 32 divide 690588?
False
Does 7 divide 11599?
True
Does 203 divide 5485561?
False
Is 24305402 a multiple of 22?
True
Is 17407197 a multiple of 2097?
True
Is 3604810 a multiple of 520?
False
Is 3910 a multiple of 12?
False
Does 32 divide 359264?
True
Does 260 divide 2476760?
True
Is 17 a factor of 3139?
False
Does 12 divide 361632?
True
Does 475 divide 4473479?
False
Is 564195 a multiple of 29?
True
Is 195960 a multiple of 69?
True
Does 349 divide 439927?
False
Does 145 divide 13820781?
False
Does 28 divide 313738?
False
Is 2866710 a multiple of 714?
True
Does 105 divide 657825?
True
Does 394 divide 716686?
True
Is 331208 a multiple of 19?
True
Does 993 divide 95973?
False
Is 8 a factor of 145060?
False
Does 33 divide 1063593?
False
Is 216717 a multiple of 141?
True
Is 591943 a multiple of 382?
False
Does 81 divide 2270498?
False
Is 71 a factor of 6613863?
True
Is 39 a factor of 466412?
False
Is 535 a factor of 2088105?
True
Is 7 a factor of 220764?
False
Is 384786 a multiple of 171?
False
Is 27 a factor of 46926?
True
Does 38 divide 3233458?
True
Is 981208 a multiple of 59?
False
Does 30 divide 14050652?
False
Is 4733334 a multiple of 177?
True
Is 20608 a multiple of 46?
True
Is 26 a factor of 3086012?
False
Is 14 a factor of 2470645?
False
Is 17210769 a multiple of 1137?
True
Is 67246 a multiple of 3?
False
Does 34 divide 32522?
False
Is 8350133 a multiple of 467?
False
Is 240 a factor of 96866?
False
Is 248655 a multiple of 13?
False
Does 103 divide 1248978?
True
Does 22 divide 1882?
False
Does 125 divide 374125?
True
Is 10 a factor of 126020?
True
Is 215 a factor of 299710?
True
Is 3744387 a multiple of 243?
True
Is 60020 a multiple of 11?
False
Is 2465940 a multiple of 292?
True
Does 157 divide 3677254?
True
Is 19 a factor of 5850477?
False
Is 6127123 a multiple of 8?
False
Is 1414188 a multiple of 723?
True
Is 37210 a multiple of 81?
False
Is 19323740 a multiple of 26?
False
Is 704979 a multiple of 550?
False
Is 403845 a multiple of 15?
True
Does 152 divide 262691?
False
Is 60 a factor of 189600?
True
Does 130 divide 259350?
True
Is 4 a factor of 5498390?
False
Is 415 a factor of 3669015?
True
Is 21 a factor of 1193724?
True
Does 349 divide 660254?
False
Does 10 divide 584140?
True
Is 36 a factor of 1323973?
False
Is 57 a factor of 4034315?
False
Is 80 a factor of 79840?
True
Does 64 divide 189760?
True
Does 15 divide 295128?
False
Does 29 divide 1106031?
True
Does 51 divide 427329?
True
Is 323 a factor of 222870?
True
Is 18579 a multiple of 3?
True
Is 20333399 a multiple of 370?
False
Is 797814 a multiple of 349?
True
Is 87 a factor of 537967?
False
Is 48 a factor of 2829630?
False
Is 1371120 a multiple of 696?
True
Is 10 a factor of 1336990?
True
Is 1691469 a multiple of 58?
False
Is 50 a factor of 3262500?
True
Is 103774 a multiple of 11?
True
Is 296 a factor of 17541122?
False
Does 251 divide 1071852?
False
Does 822 divide 6616723?
False
Does 167 divide 326603?
False
Is 56 a factor of 53214?
False
Is 1306 a factor of 2439195?
False
Is 7 a factor of 860671?
True
Does 313 divide 3500696?
False
Is 159551 a multiple of 176?
False
Is 298405 a multiple of 414?
False
Is 41 a factor of 217466?
False
Is 54990 a multiple of 8?
False
Does 76 divide 274056?
True
Is 539380 a multiple of 97?
False
Does 1080 divide 17608232?
False
Does 3 divide 143613?
True
Is 189 a factor of 4132485?
True
Is 1751127 a multiple of 183?
True
Is 8 a factor of 439536?
True
Does 156 divide 976404?
True
Is 64 a factor of 418368?
True
Is 251631 a multiple of 73?
True
Does 587 divide 6766349?
True
Is 319 a factor of 4557099?
False
Is 12 a factor of 1977178?
False
Does 10 divide 340044?
False
Is 2 a factor of 532538?
True
Is 79335 a multiple of 133?
False
Is 142 a factor of 384678?
True
Is 24 a factor of 4728085?
False
Is 1492282 a multiple of 5?
False
Is 183 a factor of 101016?
True
Does 20 divide 1207100?
True
Does 438 divide 905829?
False
Is 499837 a multiple of 515?
False
Does 6 divide 190819?
False
Is 35 a factor of 39666?
False
Is 10237 a multiple of 54?
False
Does 11 divide 50303?
True
Is 2 a factor of 85469?
False
Does 43 divide 46053?
True
Is 1508080 a multiple of 14?
True
Is 218 a factor of 8418724?
True
Is 12354588 a multiple of 414?
True
Does 15 divide 371415?
True
Is 349563 a multiple of 327?
True
Is 2573320 a multiple of 20?
True
Is 163150 a multiple of 65?
True
Is 10 a factor of 30102?
False
Does 112 divide 8063645?
False
Does 58 divide 13650010?
True
Does 41 divide 317087?
False
Is 4 a factor of 1160344?
True
Does 61 divide 8339?
False
Is 1746000 a multiple of 65?
False
Is 100 a factor of 74126?
False
Does 34 divide 8423126?
True
Is 4085776 a multiple of 26?
False
Is 13 a factor of 370461?
True
Is 7340466 a multiple of 15?
False
Is 1525 a factor of 30661650?
True
Is 14 a factor of 10556?
True
Is 3706196 a multiple of 37?
False
Is 28 a factor of 36444?
False
Does 587 divide 4700170?
False
Is 33 a factor of 358941?
True
Is 232 a factor of 817104?
True
Is 1621656 a multiple of 446?
True
Does 17 divide 270414?
False
Is 19 a factor of 4110669?
True
Is 283 a factor of 2652940?
False
Does 997 divide 1449638?
True
Does 15 divide 11337570?
True
Is 8 a factor of 67510?
False
Is 1193400 a multiple of 36?
True
Is 599 a factor of 77870?
True
Is 129 a factor of 754788?
False
Is 29 a factor of 7334335?
False
Is 51 a factor of 232276?
False
Is 130134 a multiple of 509?
False
Does 469 divide 3252515?
True
Does 17 divide 182404?
False
Is 189426 a multiple of 482?
True
Is 585333 a multiple of 19?
True
Is 247570 a multiple of 23?
False
Is 150 a factor of 20382900?
True
Does 181 divide 4436044?
False
Is 12 a factor of 286089?
False
Is 431 a factor of 552973?
True
Is 378500 a multiple of 125?
True
Does 13 divide 86727?
False
Does 4 divide 14340?
True
Is 177585 a multiple of 320?
False
Is 2449 a factor of 27448094?
False
Is 97780 a multiple of 62?
False
Is 8 a factor of 138430?
False
Is 9180427 a multiple of 23?
True
Is 2001206 a multiple of 269?
False
Does 334 divide 8875382?
True
Is 182490 a multiple of 77?
True
Does 697 divide 1601009?
True
Is 5799479 a multiple of 21?
False
Is 35 a factor of 296427?
False
Is 66 a factor of 236082?
True
Is 562 a factor of 355407?
False
Is 1624768 a multiple of 479?
True
Is 90 a factor of 497244?
False
Is 3917759 a multiple of 9?
False
Is 9 a factor of 387214?
False
Does 82 divide 82656?
True
Is 5204 even?
True
Is 76024 a multiple of 104?
True
Is 112 a factor of 2353525?
False
Is 196474 a multiple of 6?
False
Is 169 a factor of 235586?
True
Is 125194 a multiple of 14?
False
Is 33078 a multiple of 222?
True
Is 288640 a multiple of 164?
True
Does 589 divide 338086?
Tru